{"id":856,"date":"2022-04-14T20:01:55","date_gmt":"2022-04-14T20:01:55","guid":{"rendered":"\/isisolutions\/?page_id=856"},"modified":"2024-10-12T19:20:46","modified_gmt":"2024-10-12T19:20:46","slug":"control-de-acceso-mediante-reconocimiento-facial","status":"publish","type":"page","link":"\/isisolutions\/control-de-acceso-mediante-reconocimiento-facial\/","title":{"rendered":"Control de acceso mediante reconocimiento facial"},"content":{"rendered":"\t\t<div data-elementor-type=\"wp-page\" data-elementor-id=\"856\" class=\"elementor elementor-856\">\n\t\t\t\t\t\t<section class=\"elementor-section elementor-top-section elementor-element elementor-element-bb0c3fc elementor-section-boxed elementor-section-height-default elementor-section-height-default\" data-id=\"bb0c3fc\" data-element_type=\"section\">\n\t\t\t\t\t\t<div class=\"elementor-container elementor-column-gap-default\">\n\t\t\t\t\t<div class=\"elementor-column elementor-col-100 elementor-top-column elementor-element elementor-element-a8e2643\" data-id=\"a8e2643\" data-element_type=\"column\">\n\t\t\t<div class=\"elementor-widget-wrap elementor-element-populated\">\n\t\t\t\t\t\t<div class=\"elementor-element elementor-element-909d5a0 elementor-widget elementor-widget-heading\" data-id=\"909d5a0\" data-element_type=\"widget\" data-widget_type=\"heading.default\">\n\t\t\t\t<div class=\"elementor-widget-container\">\n\t\t\t<h2 class=\"elementor-heading-title elementor-size-default\">Blog Disoftec<\/h2>\t\t<\/div>\n\t\t\t\t<\/div>\n\t\t\t\t\t<\/div>\n\t\t<\/div>\n\t\t\t\t\t<\/div>\n\t\t<\/section>\n\t\t\t\t<section class=\"elementor-section elementor-top-section elementor-element elementor-element-70fb1c8 elementor-section-boxed elementor-section-height-default elementor-section-height-default\" data-id=\"70fb1c8\" data-element_type=\"section\">\n\t\t\t\t\t\t<div class=\"elementor-container elementor-column-gap-default\">\n\t\t\t\t\t<div class=\"elementor-column elementor-col-100 elementor-top-column elementor-element elementor-element-fd42aea\" data-id=\"fd42aea\" data-element_type=\"column\">\n\t\t\t<div class=\"elementor-widget-wrap elementor-element-populated\">\n\t\t\t\t\t\t<section class=\"elementor-section elementor-inner-section elementor-element elementor-element-f374d80 elementor-section-boxed elementor-section-height-default elementor-section-height-default\" data-id=\"f374d80\" data-element_type=\"section\">\n\t\t\t\t\t\t<div class=\"elementor-container elementor-column-gap-default\">\n\t\t\t\t\t<div class=\"elementor-column elementor-col-50 elementor-inner-column elementor-element elementor-element-6b2ca0b\" data-id=\"6b2ca0b\" data-element_type=\"column\">\n\t\t\t<div class=\"elementor-widget-wrap elementor-element-populated\">\n\t\t\t\t\t\t<div class=\"elementor-element elementor-element-c89437d elementor-widget elementor-widget-image\" data-id=\"c89437d\" data-element_type=\"widget\" data-widget_type=\"image.default\">\n\t\t\t\t<div class=\"elementor-widget-container\">\n\t\t\t\t\t\t\t\t\t\t\t\t\t<img fetchpriority=\"high\" decoding=\"async\" width=\"714\" height=\"348\" src=\"\/isisolutions\/wp-content\/uploads\/2022\/04\/control-acceso-01.jpg\" class=\"attachment-large size-large wp-image-1138\" alt=\"\" srcset=\"\/isisolutions\/wp-content\/uploads\/2022\/04\/control-acceso-01.jpg 714w, \/isisolutions\/wp-content\/uploads\/2022\/04\/control-acceso-01-300x146.jpg 300w\" sizes=\"(max-width: 714px) 100vw, 714px\" \/>\t\t\t\t\t\t\t\t\t\t\t\t\t<\/div>\n\t\t\t\t<\/div>\n\t\t\t\t<div class=\"elementor-element elementor-element-46f4016 elementor-widget elementor-widget-heading\" data-id=\"46f4016\" data-element_type=\"widget\" data-widget_type=\"heading.default\">\n\t\t\t\t<div class=\"elementor-widget-container\">\n\t\t\t<h2 class=\"elementor-heading-title elementor-size-default\">Control de acceso mediante reconocimiento facial<\/h2>\t\t<\/div>\n\t\t\t\t<\/div>\n\t\t\t\t<div class=\"elementor-element elementor-element-8654162 elementor-widget elementor-widget-text-editor\" data-id=\"8654162\" data-element_type=\"widget\" data-widget_type=\"text-editor.default\">\n\t\t\t\t<div class=\"elementor-widget-container\">\n\t\t\t\t\t\t\t<p>Si bien era una tecnolog\u00eda confiable, los costos de implementaci\u00f3n eran tan elevados que los usuarios prefer\u00edan la biometr\u00eda de huella como m\u00e9todo de reconocimiento de personal, muy usado para sistemas de asistencia.<\/p>\t\t\t\t\t\t<\/div>\n\t\t\t\t<\/div>\n\t\t\t\t<div class=\"elementor-element elementor-element-3f145aa elementor-widget elementor-widget-text-editor\" data-id=\"3f145aa\" data-element_type=\"widget\" data-widget_type=\"text-editor.default\">\n\t\t\t\t<div class=\"elementor-widget-container\">\n\t\t\t\t\t\t\t<p>Si bien no era su \u00fanica competencia tecnol\u00f3gica, se encuentra los lectores de proximidad, las tarjetas de acceso vehicular (UHF) que ofrecen mayor alcance, incluso lectura de placas hablando de veh\u00edculos, entre otros, la pandemia vino a revolucionar la biometr\u00eda facial con equipos que detectan a una persona aun con cubre bocas, lentes, leen la temperatura y sus registros no solo van a entradas y salidas, sino a avisos en caso de temperaturas elevadas, alertas o correos que se pueden utilizar de evidencias para toma de decisi\u00f3n en torno a prevenci\u00f3n de covid, pero no solo eso, tambi\u00e9n resalta la velocidad de lectura que es menor a 1 segundo, la distancia de lectura que con buenas condiciones de iluminaci\u00f3n puede llegar a los 2 mts, su seguridad al comprobar que efectivamente se le est\u00e1 dando acceso a la persona que cuenta con los permisos y no a alguien m\u00e1s que se le presto una tarjeta y sobre todo a su capacidad de hasta 10,000 usuarios en un solo lector.<\/p><p>\u00a0<\/p><p>Con el af\u00e1n de erradicar la biometr\u00eda dactilar, varios fabricantes comenzaron a distribuir equipos dise\u00f1ados para organizaciones peque\u00f1as a precios muy competitivos o equipos capaces de soportar el trabajo en intemperie, que aunque con ciertas limitantes funcionan muy bien en ciertas aplicaciones.<\/p>\t\t\t\t\t\t<\/div>\n\t\t\t\t<\/div>\n\t\t\t\t<div class=\"elementor-element elementor-element-7339e12 elementor-widget elementor-widget-image\" data-id=\"7339e12\" data-element_type=\"widget\" data-widget_type=\"image.default\">\n\t\t\t\t<div class=\"elementor-widget-container\">\n\t\t\t\t\t\t\t\t\t\t\t\t\t<img decoding=\"async\" width=\"714\" height=\"348\" src=\"\/isisolutions\/wp-content\/uploads\/2022\/04\/control-aceso03.jpg\" class=\"attachment-large size-large wp-image-1145\" alt=\"\" srcset=\"\/isisolutions\/wp-content\/uploads\/2022\/04\/control-aceso03.jpg 714w, \/isisolutions\/wp-content\/uploads\/2022\/04\/control-aceso03-300x146.jpg 300w\" sizes=\"(max-width: 714px) 100vw, 714px\" \/>\t\t\t\t\t\t\t\t\t\t\t\t\t<\/div>\n\t\t\t\t<\/div>\n\t\t\t\t<div class=\"elementor-element elementor-element-5be7ab2 elementor-widget elementor-widget-text-editor\" data-id=\"5be7ab2\" data-element_type=\"widget\" data-widget_type=\"text-editor.default\">\n\t\t\t\t<div class=\"elementor-widget-container\">\n\t\t\t\t\t\t\t<p>Por \u00faltimo y la aplicaci\u00f3n que nos interesa resaltar en este blog, se encuentra el entorno de reconocimiento facial para accesos vehiculares, donde se vuelve un punto vulnerable para cualquier organizaci\u00f3n o fraccionamiento debido principalmente a que el resto de tecnolog\u00edas carecen de seguridad para comprobar que quien viene manejando y est\u00e1 por entrar o salir, es efectivamente a quien se le asign\u00f3 un permiso para hacerlo.<\/p><p>\u00a0<\/p><p><span style=\"letter-spacing: -0.2px;\">En ISI SOLUTIONS contamos con la experiencia y tecnolog\u00eda para llevar con \u00e9xito este tipo de proyectos, para cualquier tipo de industria o ambiente, ya que hemos perfeccionado las t\u00e9cnicas para que un acceso vehicular se vuelta seguro, \u00e1gil y adaptable.<\/span><\/p>\t\t\t\t\t\t<\/div>\n\t\t\t\t<\/div>\n\t\t\t\t<div class=\"elementor-element elementor-element-8ac29e6 elementor-widget elementor-widget-spacer\" data-id=\"8ac29e6\" data-element_type=\"widget\" data-widget_type=\"spacer.default\">\n\t\t\t\t<div class=\"elementor-widget-container\">\n\t\t\t\t\t<div class=\"elementor-spacer\">\n\t\t\t<div class=\"elementor-spacer-inner\"><\/div>\n\t\t<\/div>\n\t\t\t\t<\/div>\n\t\t\t\t<\/div>\n\t\t\t\t\t<\/div>\n\t\t<\/div>\n\t\t\t\t<div class=\"elementor-column elementor-col-50 elementor-inner-column elementor-element elementor-element-fb0e04c\" data-id=\"fb0e04c\" data-element_type=\"column\" data-settings=\"{&quot;background_background&quot;:&quot;classic&quot;}\">\n\t\t\t<div class=\"elementor-widget-wrap\">\n\t\t\t\t\t\t\t<\/div>\n\t\t<\/div>\n\t\t\t\t\t<\/div>\n\t\t<\/section>\n\t\t\t\t<section class=\"elementor-section elementor-inner-section elementor-element elementor-element-a1d80df elementor-section-boxed elementor-section-height-default elementor-section-height-default\" data-id=\"a1d80df\" data-element_type=\"section\">\n\t\t\t\t\t\t<div class=\"elementor-container elementor-column-gap-default\">\n\t\t\t\t\t<div class=\"elementor-column elementor-col-33 elementor-inner-column elementor-element elementor-element-e6faf3d\" data-id=\"e6faf3d\" data-element_type=\"column\">\n\t\t\t<div class=\"elementor-widget-wrap elementor-element-populated\">\n\t\t\t\t\t\t<div class=\"elementor-element elementor-element-c0bdb2b elementor-align-center elementor-widget elementor-widget-button\" data-id=\"c0bdb2b\" data-element_type=\"widget\" data-widget_type=\"button.default\">\n\t\t\t\t<div class=\"elementor-widget-container\">\n\t\t\t\t\t<div class=\"elementor-button-wrapper\">\n\t\t\t<a class=\"elementor-button elementor-button-link elementor-size-sm\" href=\"\/isisolutions\/blog-disoftec\">\n\t\t\t\t\t\t<span class=\"elementor-button-content-wrapper\">\n\t\t\t\t\t\t\t\t\t<span class=\"elementor-button-text\">VOLVER AL BLOG<\/span>\n\t\t\t\t\t<\/span>\n\t\t\t\t\t<\/a>\n\t\t<\/div>\n\t\t\t\t<\/div>\n\t\t\t\t<\/div>\n\t\t\t\t\t<\/div>\n\t\t<\/div>\n\t\t\t\t<div class=\"elementor-column elementor-col-33 elementor-inner-column elementor-element elementor-element-90136e7\" data-id=\"90136e7\" data-element_type=\"column\">\n\t\t\t<div class=\"elementor-widget-wrap elementor-element-populated\">\n\t\t\t\t\t\t<div class=\"elementor-element elementor-element-bef0e5c elementor-align-center elementor-widget elementor-widget-button\" data-id=\"bef0e5c\" data-element_type=\"widget\" data-widget_type=\"button.default\">\n\t\t\t\t<div class=\"elementor-widget-container\">\n\t\t\t\t\t<div class=\"elementor-button-wrapper\">\n\t\t\t<a class=\"elementor-button elementor-button-link elementor-size-sm\" href=\"\/isisolutions\/\">\n\t\t\t\t\t\t<span class=\"elementor-button-content-wrapper\">\n\t\t\t\t\t\t\t\t\t<span class=\"elementor-button-text\">VOLVER A HOME<\/span>\n\t\t\t\t\t<\/span>\n\t\t\t\t\t<\/a>\n\t\t<\/div>\n\t\t\t\t<\/div>\n\t\t\t\t<\/div>\n\t\t\t\t\t<\/div>\n\t\t<\/div>\n\t\t\t\t<div class=\"elementor-column elementor-col-33 elementor-inner-column elementor-element elementor-element-0f5ff03\" data-id=\"0f5ff03\" data-element_type=\"column\">\n\t\t\t<div class=\"elementor-widget-wrap\">\n\t\t\t\t\t\t\t<\/div>\n\t\t<\/div>\n\t\t\t\t\t<\/div>\n\t\t<\/section>\n\t\t\t\t\t<\/div>\n\t\t<\/div>\n\t\t\t\t\t<\/div>\n\t\t<\/section>\n\t\t\t\t<section class=\"elementor-section elementor-top-section elementor-element elementor-element-7500f900 elementor-section-boxed elementor-section-height-default elementor-section-height-default\" data-id=\"7500f900\" data-element_type=\"section\" data-settings=\"{&quot;background_background&quot;:&quot;gradient&quot;}\">\n\t\t\t\t\t\t<div class=\"elementor-container elementor-column-gap-default\">\n\t\t\t\t\t<div class=\"elementor-column elementor-col-100 elementor-top-column elementor-element elementor-element-53e24c8\" data-id=\"53e24c8\" data-element_type=\"column\">\n\t\t\t<div class=\"elementor-widget-wrap elementor-element-populated\">\n\t\t\t\t\t\t<section class=\"elementor-section elementor-inner-section elementor-element elementor-element-59438a03 elementor-section-boxed elementor-section-height-default elementor-section-height-default\" data-id=\"59438a03\" data-element_type=\"section\">\n\t\t\t\t\t\t<div class=\"elementor-container elementor-column-gap-default\">\n\t\t\t\t\t<div class=\"elementor-column elementor-col-25 elementor-inner-column elementor-element elementor-element-492afa11\" data-id=\"492afa11\" data-element_type=\"column\">\n\t\t\t<div class=\"elementor-widget-wrap elementor-element-populated\">\n\t\t\t\t\t\t<div class=\"elementor-element elementor-element-333e3a5 elementor-widget elementor-widget-image\" data-id=\"333e3a5\" data-element_type=\"widget\" data-widget_type=\"image.default\">\n\t\t\t\t<div class=\"elementor-widget-container\">\n\t\t\t\t\t\t\t\t\t\t\t\t\t\t<a href=\"https:\/\/www.isisolutions.com.mx\/\">\n\t\t\t\t\t\t\t<img decoding=\"async\" src=\"\/isisolutions\/wp-content\/uploads\/elementor\/thumbs\/Logo-DISOFTEC-blanco-3-quk6fsbiqpqj8z00whqafy1lfqf0doct7x8zja2qm0.png\" title=\"Logo-DISOFTEC-blanco-3\" alt=\"\" loading=\"lazy\" \/>\t\t\t\t\t\t\t\t<\/a>\n\t\t\t\t\t\t\t\t\t\t\t\t\t<\/div>\n\t\t\t\t<\/div>\n\t\t\t\t<div class=\"elementor-element elementor-element-46d2d398 elementor-shape-rounded elementor-grid-0 e-grid-align-center elementor-widget elementor-widget-social-icons\" data-id=\"46d2d398\" data-element_type=\"widget\" data-widget_type=\"social-icons.default\">\n\t\t\t\t<div class=\"elementor-widget-container\">\n\t\t\t\t\t<div class=\"elementor-social-icons-wrapper elementor-grid\">\n\t\t\t\t\t\t\t<span class=\"elementor-grid-item\">\n\t\t\t\t\t<a class=\"elementor-icon elementor-social-icon elementor-social-icon-facebook elementor-repeater-item-72d0d36\" href=\"https:\/\/www.facebook.com\/isitsolutions\" target=\"_blank\">\n\t\t\t\t\t\t<span class=\"elementor-screen-only\">Facebook<\/span>\n\t\t\t\t\t\t<i class=\"fab fa-facebook\"><\/i>\t\t\t\t\t<\/a>\n\t\t\t\t<\/span>\n\t\t\t\t\t\t\t<span class=\"elementor-grid-item\">\n\t\t\t\t\t<a class=\"elementor-icon elementor-social-icon elementor-social-icon-map-marker-alt elementor-repeater-item-846b50e\" href=\"https:\/\/g.page\/isi-solutions-mx?share\" target=\"_blank\">\n\t\t\t\t\t\t<span class=\"elementor-screen-only\">Map-marker-alt<\/span>\n\t\t\t\t\t\t<i class=\"fas fa-map-marker-alt\"><\/i>\t\t\t\t\t<\/a>\n\t\t\t\t<\/span>\n\t\t\t\t\t\t\t<span class=\"elementor-grid-item\">\n\t\t\t\t\t<a class=\"elementor-icon elementor-social-icon elementor-social-icon-linkedin-in elementor-repeater-item-4bad769\" href=\"https:\/\/www.linkedin.com\/company\/disoftec\/\" target=\"_blank\">\n\t\t\t\t\t\t<span class=\"elementor-screen-only\">Linkedin-in<\/span>\n\t\t\t\t\t\t<i class=\"fab fa-linkedin-in\"><\/i>\t\t\t\t\t<\/a>\n\t\t\t\t<\/span>\n\t\t\t\t\t<\/div>\n\t\t\t\t<\/div>\n\t\t\t\t<\/div>\n\t\t\t\t\t<\/div>\n\t\t<\/div>\n\t\t\t\t<div class=\"elementor-column elementor-col-25 elementor-inner-column elementor-element elementor-element-489857b3\" data-id=\"489857b3\" data-element_type=\"column\">\n\t\t\t<div class=\"elementor-widget-wrap elementor-element-populated\">\n\t\t\t\t\t\t<div class=\"elementor-element elementor-element-eb0c82a elementor-widget elementor-widget-text-editor\" data-id=\"eb0c82a\" data-element_type=\"widget\" data-widget_type=\"text-editor.default\">\n\t\t\t\t<div class=\"elementor-widget-container\">\n\t\t\t\t\t\t\t<div><strong>CORPORATIVO<\/strong><\/div><div>P\u00edo X 302, San Jeronimo II, 37148<br \/>Le\u00f3n de los Aldama, Gto.<\/div><div>\u00a0<\/div><p><a href=\"tel:4778080992\">477.808.0992<\/a><br \/><a href=\"tel:4778080993\">477.808.0993<\/a><\/p><div><a href=\"mailto:ventas@disoftec.mx\">ventas@disoftec.mx<\/a><\/div>\t\t\t\t\t\t<\/div>\n\t\t\t\t<\/div>\n\t\t\t\t\t<\/div>\n\t\t<\/div>\n\t\t\t\t<div class=\"elementor-column elementor-col-25 elementor-inner-column elementor-element elementor-element-5865ce33\" data-id=\"5865ce33\" data-element_type=\"column\">\n\t\t\t<div class=\"elementor-widget-wrap elementor-element-populated\">\n\t\t\t\t\t\t<div class=\"elementor-element elementor-element-1d9a9f8e elementor-widget elementor-widget-text-editor\" data-id=\"1d9a9f8e\" data-element_type=\"widget\" data-widget_type=\"text-editor.default\">\n\t\t\t\t<div class=\"elementor-widget-container\">\n\t\t\t\t\t\t\t<p><span style=\"color: #ffffff;\"><a style=\"color: #ffffff;\" href=\"\/isisolutions\/\">Home<\/a><\/span><\/p><p><span style=\"color: #ffffff;\"><a style=\"color: #ffffff;\" href=\"\/isisolutions\/#quienessomos\">Quienes Somos<\/a><\/span><\/p><p><span style=\"color: #ffffff;\"><a style=\"color: #ffffff;\" href=\"\/isisolutions\/#servicios\">Servicios<\/a><\/span><\/p><p><strong><a href=\"https:\/\/ctapp.mx\/\" target=\"_blank\" rel=\"noopener\"><span style=\"color: #ffffff;\">CTAPP<\/span><\/a><\/strong><\/p>\t\t\t\t\t\t<\/div>\n\t\t\t\t<\/div>\n\t\t\t\t\t<\/div>\n\t\t<\/div>\n\t\t\t\t<div class=\"elementor-column elementor-col-25 elementor-inner-column elementor-element elementor-element-2835a021\" data-id=\"2835a021\" data-element_type=\"column\">\n\t\t\t<div class=\"elementor-widget-wrap elementor-element-populated\">\n\t\t\t\t\t\t<div class=\"elementor-element elementor-element-7f60216 elementor-widget elementor-widget-text-editor\" data-id=\"7f60216\" data-element_type=\"widget\" data-widget_type=\"text-editor.default\">\n\t\t\t\t<div class=\"elementor-widget-container\">\n\t\t\t\t\t\t\t<p><span style=\"color: #ffffff;\"><a style=\"color: #ffffff;\" href=\"\/isisolutions\/#proyectos\">Proyectos<\/a><br \/><\/span><\/p><p><span style=\"color: #ffffff;\"><a style=\"color: #ffffff;\" href=\"\/isisolutions\/#clientes\">Clientes<\/a><\/span><\/p><p><span style=\"color: #ffffff;\"><a style=\"color: #ffffff;\" href=\"\/isisolutions\/#contacto\">Contacto<\/a><\/span><\/p>\t\t\t\t\t\t<\/div>\n\t\t\t\t<\/div>\n\t\t\t\t\t<\/div>\n\t\t<\/div>\n\t\t\t\t\t<\/div>\n\t\t<\/section>\n\t\t\t\t\t<\/div>\n\t\t<\/div>\n\t\t\t\t\t<\/div>\n\t\t<\/section>\n\t\t\t\t<section class=\"elementor-section elementor-top-section elementor-element elementor-element-796a638e elementor-section-boxed elementor-section-height-default elementor-section-height-default\" data-id=\"796a638e\" data-element_type=\"section\" data-settings=\"{&quot;background_background&quot;:&quot;classic&quot;}\">\n\t\t\t\t\t\t<div class=\"elementor-container elementor-column-gap-default\">\n\t\t\t\t\t<div class=\"elementor-column elementor-col-100 elementor-top-column elementor-element elementor-element-eb6612a\" data-id=\"eb6612a\" data-element_type=\"column\">\n\t\t\t<div class=\"elementor-widget-wrap elementor-element-populated\">\n\t\t\t\t\t\t<section class=\"elementor-section elementor-inner-section elementor-element elementor-element-20c65764 elementor-section-boxed elementor-section-height-default elementor-section-height-default\" data-id=\"20c65764\" data-element_type=\"section\">\n\t\t\t\t\t\t<div class=\"elementor-container elementor-column-gap-default\">\n\t\t\t\t\t<div class=\"elementor-column elementor-col-50 elementor-inner-column elementor-element elementor-element-151aa6fa\" data-id=\"151aa6fa\" data-element_type=\"column\">\n\t\t\t<div class=\"elementor-widget-wrap elementor-element-populated\">\n\t\t\t\t\t\t<div class=\"elementor-element elementor-element-1ef7df87 elementor-widget elementor-widget-text-editor\" data-id=\"1ef7df87\" data-element_type=\"widget\" data-widget_type=\"text-editor.default\">\n\t\t\t\t<div class=\"elementor-widget-container\">\n\t\t\t\t\t\t\t<p>Pol\u00edtica de Privacidad<\/p>\t\t\t\t\t\t<\/div>\n\t\t\t\t<\/div>\n\t\t\t\t\t<\/div>\n\t\t<\/div>\n\t\t\t\t<div class=\"elementor-column elementor-col-50 elementor-inner-column elementor-element elementor-element-482af54d\" data-id=\"482af54d\" data-element_type=\"column\">\n\t\t\t<div class=\"elementor-widget-wrap elementor-element-populated\">\n\t\t\t\t\t\t<div class=\"elementor-element elementor-element-36c42105 elementor-widget elementor-widget-text-editor\" data-id=\"36c42105\" data-element_type=\"widget\" data-widget_type=\"text-editor.default\">\n\t\t\t\t<div class=\"elementor-widget-container\">\n\t\t\t\t\t\t\t<p>Derechos Reservados Integraci\u00f3n de Soluciones IT S.A. de C.V.<\/p>\t\t\t\t\t\t<\/div>\n\t\t\t\t<\/div>\n\t\t\t\t\t<\/div>\n\t\t<\/div>\n\t\t\t\t\t<\/div>\n\t\t<\/section>\n\t\t\t\t\t<\/div>\n\t\t<\/div>\n\t\t\t\t\t<\/div>\n\t\t<\/section>\n\t\t\t\t<\/div>\n\t\t","protected":false},"excerpt":{"rendered":"<p>Blog Disoftec Control de acceso mediante reconocimiento facial Si bien era una tecnolog\u00eda confiable, los costos de implementaci\u00f3n eran tan elevados que los usuarios prefer\u00edan la biometr\u00eda de huella como m\u00e9todo de reconocimiento de personal, muy usado para sistemas de asistencia. Si bien no era su \u00fanica competencia tecnol\u00f3gica, se encuentra los lectores de proximidad, [&hellip;]<\/p>\n","protected":false},"author":1,"featured_media":0,"parent":0,"menu_order":0,"comment_status":"closed","ping_status":"closed","template":"","meta":{"footnotes":""},"class_list":["post-856","page","type-page","status-publish","hentry"],"_links":{"self":[{"href":"\/isisolutions\/wp-json\/wp\/v2\/pages\/856","targetHints":{"allow":["GET"]}}],"collection":[{"href":"\/isisolutions\/wp-json\/wp\/v2\/pages"}],"about":[{"href":"\/isisolutions\/wp-json\/wp\/v2\/types\/page"}],"author":[{"embeddable":true,"href":"\/isisolutions\/wp-json\/wp\/v2\/users\/1"}],"replies":[{"embeddable":true,"href":"\/isisolutions\/wp-json\/wp\/v2\/comments?post=856"}],"version-history":[{"count":51,"href":"\/isisolutions\/wp-json\/wp\/v2\/pages\/856\/revisions"}],"predecessor-version":[{"id":1966,"href":"\/isisolutions\/wp-json\/wp\/v2\/pages\/856\/revisions\/1966"}],"wp:attachment":[{"href":"\/isisolutions\/wp-json\/wp\/v2\/media?parent=856"}],"curies":[{"name":"wp","href":"https:\/\/api.w.org\/{rel}","templated":true}]}}