{"id":914,"date":"2022-04-18T15:27:28","date_gmt":"2022-04-18T15:27:28","guid":{"rendered":"\/isisolutions\/?page_id=914"},"modified":"2024-10-12T19:20:22","modified_gmt":"2024-10-12T19:20:22","slug":"cableado-de-red","status":"publish","type":"page","link":"\/isisolutions\/cableado-de-red\/","title":{"rendered":"Cableado de Red para Empresas"},"content":{"rendered":"\t\t<div data-elementor-type=\"wp-page\" data-elementor-id=\"914\" class=\"elementor elementor-914\">\n\t\t\t\t\t\t<section class=\"elementor-section elementor-top-section elementor-element elementor-element-bb0c3fc elementor-section-boxed elementor-section-height-default elementor-section-height-default\" data-id=\"bb0c3fc\" data-element_type=\"section\">\n\t\t\t\t\t\t<div class=\"elementor-container elementor-column-gap-default\">\n\t\t\t\t\t<div class=\"elementor-column elementor-col-100 elementor-top-column elementor-element elementor-element-a8e2643\" data-id=\"a8e2643\" data-element_type=\"column\">\n\t\t\t<div class=\"elementor-widget-wrap elementor-element-populated\">\n\t\t\t\t\t\t<div class=\"elementor-element elementor-element-909d5a0 elementor-widget elementor-widget-heading\" data-id=\"909d5a0\" data-element_type=\"widget\" data-widget_type=\"heading.default\">\n\t\t\t\t<div class=\"elementor-widget-container\">\n\t\t\t<h2 class=\"elementor-heading-title elementor-size-default\">Blog Disoftec<\/h2>\t\t<\/div>\n\t\t\t\t<\/div>\n\t\t\t\t\t<\/div>\n\t\t<\/div>\n\t\t\t\t\t<\/div>\n\t\t<\/section>\n\t\t\t\t<section class=\"elementor-section elementor-top-section elementor-element elementor-element-70fb1c8 elementor-section-boxed elementor-section-height-default elementor-section-height-default\" data-id=\"70fb1c8\" data-element_type=\"section\">\n\t\t\t\t\t\t<div class=\"elementor-container elementor-column-gap-default\">\n\t\t\t\t\t<div class=\"elementor-column elementor-col-100 elementor-top-column elementor-element elementor-element-fd42aea\" data-id=\"fd42aea\" data-element_type=\"column\">\n\t\t\t<div class=\"elementor-widget-wrap elementor-element-populated\">\n\t\t\t\t\t\t<section class=\"elementor-section elementor-inner-section elementor-element elementor-element-f374d80 elementor-section-boxed elementor-section-height-default elementor-section-height-default\" data-id=\"f374d80\" data-element_type=\"section\">\n\t\t\t\t\t\t<div class=\"elementor-container elementor-column-gap-default\">\n\t\t\t\t\t<div class=\"elementor-column elementor-col-50 elementor-inner-column elementor-element elementor-element-6b2ca0b\" data-id=\"6b2ca0b\" data-element_type=\"column\">\n\t\t\t<div class=\"elementor-widget-wrap elementor-element-populated\">\n\t\t\t\t\t\t<div class=\"elementor-element elementor-element-c89437d elementor-widget elementor-widget-image\" data-id=\"c89437d\" data-element_type=\"widget\" data-widget_type=\"image.default\">\n\t\t\t\t<div class=\"elementor-widget-container\">\n\t\t\t\t\t\t\t\t\t\t\t\t\t<img fetchpriority=\"high\" decoding=\"async\" width=\"714\" height=\"348\" src=\"\/isisolutions\/wp-content\/uploads\/2022\/04\/cableado-red-01.jpg\" class=\"attachment-large size-large wp-image-1155\" alt=\"\" srcset=\"\/isisolutions\/wp-content\/uploads\/2022\/04\/cableado-red-01.jpg 714w, \/isisolutions\/wp-content\/uploads\/2022\/04\/cableado-red-01-300x146.jpg 300w\" sizes=\"(max-width: 714px) 100vw, 714px\" \/>\t\t\t\t\t\t\t\t\t\t\t\t\t<\/div>\n\t\t\t\t<\/div>\n\t\t\t\t<div class=\"elementor-element elementor-element-46f4016 elementor-widget elementor-widget-heading\" data-id=\"46f4016\" data-element_type=\"widget\" data-widget_type=\"heading.default\">\n\t\t\t\t<div class=\"elementor-widget-container\">\n\t\t\t<h2 class=\"elementor-heading-title elementor-size-default\">Cableado de Red\npara empresas<\/h2>\t\t<\/div>\n\t\t\t\t<\/div>\n\t\t\t\t<div class=\"elementor-element elementor-element-8654162 elementor-widget elementor-widget-text-editor\" data-id=\"8654162\" data-element_type=\"widget\" data-widget_type=\"text-editor.default\">\n\t\t\t\t<div class=\"elementor-widget-container\">\n\t\t\t\t\t\t\t<p>El cableado estructurado o de red, no es otra cosa que la carretera por la cual se transmite informaci\u00f3n, ya sea archivos, llamadas, videos, etc.<\/p><p>Durante muchos a\u00f1os y en muchos tipos de industria no se le dio el peso que en realidad tiene un sistema de cableado estructurado o cableado de red, esto se deb\u00eda principalmente a pesar de no apegarse a una norma o est\u00e1ndar internacional, la red transmit\u00eda lo necesario raz\u00f3n por la que no era importante invertir en ese rubro, ya que principalmente no generaba utilidad para la empresa.<\/p><p>\u00a0<\/p><p>Es importante resaltar la evoluci\u00f3n de las tazas de transmisi\u00f3n en la que por ejemplo ante se contrataban servicios de internet de 2, 5 o 10 MB, posteriormente fue aumentando a puntos en los que actualmente una residencia puede contar con servicios de 200 o hasta 500 MB, por otro lado, se sabe que el crecimiento de usuarios en internet ha crecido de 2,177 millones en el 2012 a 4,950 millones en 2022.<\/p>\t\t\t\t\t\t<\/div>\n\t\t\t\t<\/div>\n\t\t\t\t<div class=\"elementor-element elementor-element-a25baab elementor-widget elementor-widget-image\" data-id=\"a25baab\" data-element_type=\"widget\" data-widget_type=\"image.default\">\n\t\t\t\t<div class=\"elementor-widget-container\">\n\t\t\t\t\t\t\t\t\t\t\t\t\t<img decoding=\"async\" width=\"714\" height=\"348\" src=\"\/isisolutions\/wp-content\/uploads\/2022\/04\/cableado-red-02.jpg\" class=\"attachment-large size-large wp-image-1156\" alt=\"\" srcset=\"\/isisolutions\/wp-content\/uploads\/2022\/04\/cableado-red-02.jpg 714w, \/isisolutions\/wp-content\/uploads\/2022\/04\/cableado-red-02-300x146.jpg 300w\" sizes=\"(max-width: 714px) 100vw, 714px\" \/>\t\t\t\t\t\t\t\t\t\t\t\t\t<\/div>\n\t\t\t\t<\/div>\n\t\t\t\t<div class=\"elementor-element elementor-element-077b31f elementor-widget elementor-widget-text-editor\" data-id=\"077b31f\" data-element_type=\"widget\" data-widget_type=\"text-editor.default\">\n\t\t\t\t<div class=\"elementor-widget-container\">\n\t\t\t\t\t\t\t<p><span style=\"color: var( --e-global-color-text ); font-family: var( --e-global-typography-text-font-family ), Sans-serif; font-size: var( --e-global-typography-text-font-size ); font-weight: var( --e-global-typography-text-font-weight ); letter-spacing: -0.2px;\">\u00bfQu\u00e9 pasa en una empresa u hotel por ejemplo, que no contaban con un cableado propiamente estructurado?\u00a0 El primer resultado es que muy probablemente su red colapsa, comienzan las impresiones que no salen, correos que no llegan, sistemas de administraci\u00f3n o contabilidad que pierden comunicaci\u00f3n, hu\u00e9spedes que prefieren buscar un hotel con buena conectividad y es que para empezar el tama\u00f1o de archivo promedio que se enviaba anteriormente era mucho menor que en la actualidad, raz\u00f3n por la que los proveedores de servicio han invertido en aumentar su capacidad de transmisi\u00f3n y por otro lado la cantidad de informaci\u00f3n que enviamos es m\u00e1s del doble que hace 10 a\u00f1os y se debe simplemente a que hay m\u00e1s gente a quien enviar informaci\u00f3n, por lo que las empresas optan por comenzar a gastar en la renovaci\u00f3n de su infraestructura.<\/span><\/p>\t\t\t\t\t\t<\/div>\n\t\t\t\t<\/div>\n\t\t\t\t<div class=\"elementor-element elementor-element-8ac29e6 elementor-widget elementor-widget-spacer\" data-id=\"8ac29e6\" data-element_type=\"widget\" data-widget_type=\"spacer.default\">\n\t\t\t\t<div class=\"elementor-widget-container\">\n\t\t\t\t\t<div class=\"elementor-spacer\">\n\t\t\t<div class=\"elementor-spacer-inner\"><\/div>\n\t\t<\/div>\n\t\t\t\t<\/div>\n\t\t\t\t<\/div>\n\t\t\t\t\t<\/div>\n\t\t<\/div>\n\t\t\t\t<div class=\"elementor-column elementor-col-50 elementor-inner-column elementor-element elementor-element-fb0e04c\" data-id=\"fb0e04c\" data-element_type=\"column\" data-settings=\"{&quot;background_background&quot;:&quot;classic&quot;}\">\n\t\t\t<div class=\"elementor-widget-wrap\">\n\t\t\t\t\t\t\t<\/div>\n\t\t<\/div>\n\t\t\t\t\t<\/div>\n\t\t<\/section>\n\t\t\t\t<section class=\"elementor-section elementor-inner-section elementor-element elementor-element-a1d80df elementor-section-boxed elementor-section-height-default elementor-section-height-default\" data-id=\"a1d80df\" data-element_type=\"section\">\n\t\t\t\t\t\t<div class=\"elementor-container elementor-column-gap-default\">\n\t\t\t\t\t<div class=\"elementor-column elementor-col-33 elementor-inner-column elementor-element elementor-element-e6faf3d\" data-id=\"e6faf3d\" data-element_type=\"column\">\n\t\t\t<div class=\"elementor-widget-wrap elementor-element-populated\">\n\t\t\t\t\t\t<div class=\"elementor-element elementor-element-c0bdb2b elementor-align-center elementor-widget elementor-widget-button\" data-id=\"c0bdb2b\" data-element_type=\"widget\" data-widget_type=\"button.default\">\n\t\t\t\t<div class=\"elementor-widget-container\">\n\t\t\t\t\t<div class=\"elementor-button-wrapper\">\n\t\t\t<a class=\"elementor-button elementor-button-link elementor-size-sm\" href=\"\/isisolutions\/blog-disoftec\">\n\t\t\t\t\t\t<span class=\"elementor-button-content-wrapper\">\n\t\t\t\t\t\t\t\t\t<span class=\"elementor-button-text\">VOLVER AL BLOG<\/span>\n\t\t\t\t\t<\/span>\n\t\t\t\t\t<\/a>\n\t\t<\/div>\n\t\t\t\t<\/div>\n\t\t\t\t<\/div>\n\t\t\t\t\t<\/div>\n\t\t<\/div>\n\t\t\t\t<div class=\"elementor-column elementor-col-33 elementor-inner-column elementor-element elementor-element-90136e7\" data-id=\"90136e7\" data-element_type=\"column\">\n\t\t\t<div class=\"elementor-widget-wrap elementor-element-populated\">\n\t\t\t\t\t\t<div class=\"elementor-element elementor-element-bef0e5c elementor-align-center elementor-widget elementor-widget-button\" data-id=\"bef0e5c\" data-element_type=\"widget\" data-widget_type=\"button.default\">\n\t\t\t\t<div class=\"elementor-widget-container\">\n\t\t\t\t\t<div class=\"elementor-button-wrapper\">\n\t\t\t<a class=\"elementor-button elementor-button-link elementor-size-sm\" href=\"\/isisolutions\/\">\n\t\t\t\t\t\t<span class=\"elementor-button-content-wrapper\">\n\t\t\t\t\t\t\t\t\t<span class=\"elementor-button-text\">VOLVER A HOME<\/span>\n\t\t\t\t\t<\/span>\n\t\t\t\t\t<\/a>\n\t\t<\/div>\n\t\t\t\t<\/div>\n\t\t\t\t<\/div>\n\t\t\t\t\t<\/div>\n\t\t<\/div>\n\t\t\t\t<div class=\"elementor-column elementor-col-33 elementor-inner-column elementor-element elementor-element-0f5ff03\" data-id=\"0f5ff03\" data-element_type=\"column\">\n\t\t\t<div class=\"elementor-widget-wrap\">\n\t\t\t\t\t\t\t<\/div>\n\t\t<\/div>\n\t\t\t\t\t<\/div>\n\t\t<\/section>\n\t\t\t\t\t<\/div>\n\t\t<\/div>\n\t\t\t\t\t<\/div>\n\t\t<\/section>\n\t\t\t\t<section class=\"elementor-section elementor-top-section elementor-element elementor-element-19f87184 elementor-section-boxed elementor-section-height-default elementor-section-height-default\" data-id=\"19f87184\" data-element_type=\"section\" data-settings=\"{&quot;background_background&quot;:&quot;gradient&quot;}\">\n\t\t\t\t\t\t<div class=\"elementor-container elementor-column-gap-default\">\n\t\t\t\t\t<div class=\"elementor-column elementor-col-100 elementor-top-column elementor-element elementor-element-581d6cb2\" data-id=\"581d6cb2\" data-element_type=\"column\">\n\t\t\t<div class=\"elementor-widget-wrap elementor-element-populated\">\n\t\t\t\t\t\t<section class=\"elementor-section elementor-inner-section elementor-element elementor-element-206539dd elementor-section-boxed elementor-section-height-default elementor-section-height-default\" data-id=\"206539dd\" data-element_type=\"section\">\n\t\t\t\t\t\t<div class=\"elementor-container elementor-column-gap-default\">\n\t\t\t\t\t<div class=\"elementor-column elementor-col-25 elementor-inner-column elementor-element elementor-element-1196b27f\" data-id=\"1196b27f\" data-element_type=\"column\">\n\t\t\t<div class=\"elementor-widget-wrap elementor-element-populated\">\n\t\t\t\t\t\t<div class=\"elementor-element elementor-element-595ad2a4 elementor-widget elementor-widget-image\" data-id=\"595ad2a4\" data-element_type=\"widget\" data-widget_type=\"image.default\">\n\t\t\t\t<div class=\"elementor-widget-container\">\n\t\t\t\t\t\t\t\t\t\t\t\t\t\t<a href=\"https:\/\/www.isisolutions.com.mx\/\">\n\t\t\t\t\t\t\t<img decoding=\"async\" src=\"\/isisolutions\/wp-content\/uploads\/elementor\/thumbs\/Logo-DISOFTEC-blanco-3-quk6fsbiqpqj8z00whqafy1lfqf0doct7x8zja2qm0.png\" title=\"Logo-DISOFTEC-blanco-3\" alt=\"\" loading=\"lazy\" \/>\t\t\t\t\t\t\t\t<\/a>\n\t\t\t\t\t\t\t\t\t\t\t\t\t<\/div>\n\t\t\t\t<\/div>\n\t\t\t\t<div class=\"elementor-element elementor-element-2341417c elementor-shape-rounded elementor-grid-0 e-grid-align-center elementor-widget elementor-widget-social-icons\" data-id=\"2341417c\" data-element_type=\"widget\" data-widget_type=\"social-icons.default\">\n\t\t\t\t<div class=\"elementor-widget-container\">\n\t\t\t\t\t<div class=\"elementor-social-icons-wrapper elementor-grid\">\n\t\t\t\t\t\t\t<span class=\"elementor-grid-item\">\n\t\t\t\t\t<a class=\"elementor-icon elementor-social-icon elementor-social-icon-facebook elementor-repeater-item-72d0d36\" href=\"https:\/\/www.facebook.com\/isitsolutions\" target=\"_blank\">\n\t\t\t\t\t\t<span class=\"elementor-screen-only\">Facebook<\/span>\n\t\t\t\t\t\t<i class=\"fab fa-facebook\"><\/i>\t\t\t\t\t<\/a>\n\t\t\t\t<\/span>\n\t\t\t\t\t\t\t<span class=\"elementor-grid-item\">\n\t\t\t\t\t<a class=\"elementor-icon elementor-social-icon elementor-social-icon-map-marker-alt elementor-repeater-item-846b50e\" href=\"https:\/\/g.page\/isi-solutions-mx?share\" target=\"_blank\">\n\t\t\t\t\t\t<span class=\"elementor-screen-only\">Map-marker-alt<\/span>\n\t\t\t\t\t\t<i class=\"fas fa-map-marker-alt\"><\/i>\t\t\t\t\t<\/a>\n\t\t\t\t<\/span>\n\t\t\t\t\t\t\t<span class=\"elementor-grid-item\">\n\t\t\t\t\t<a class=\"elementor-icon elementor-social-icon elementor-social-icon-linkedin-in elementor-repeater-item-4bad769\" href=\"https:\/\/www.linkedin.com\/company\/disoftec\/\" target=\"_blank\">\n\t\t\t\t\t\t<span class=\"elementor-screen-only\">Linkedin-in<\/span>\n\t\t\t\t\t\t<i class=\"fab fa-linkedin-in\"><\/i>\t\t\t\t\t<\/a>\n\t\t\t\t<\/span>\n\t\t\t\t\t<\/div>\n\t\t\t\t<\/div>\n\t\t\t\t<\/div>\n\t\t\t\t\t<\/div>\n\t\t<\/div>\n\t\t\t\t<div class=\"elementor-column elementor-col-25 elementor-inner-column elementor-element elementor-element-6d34346c\" data-id=\"6d34346c\" data-element_type=\"column\">\n\t\t\t<div class=\"elementor-widget-wrap elementor-element-populated\">\n\t\t\t\t\t\t<div class=\"elementor-element elementor-element-1aef31c5 elementor-widget elementor-widget-text-editor\" data-id=\"1aef31c5\" data-element_type=\"widget\" data-widget_type=\"text-editor.default\">\n\t\t\t\t<div class=\"elementor-widget-container\">\n\t\t\t\t\t\t\t<div><strong>CORPORATIVO<\/strong><\/div><div>P\u00edo X 302, San Jeronimo II, 37148<br \/>Le\u00f3n de los Aldama, Gto.<\/div><div>\u00a0<\/div><p><a href=\"tel:4778080992\">477.808.0992<\/a><br \/><a href=\"tel:4778080993\">477.808.0993<\/a><\/p><div><a href=\"mailto:ventas@disoftec.mx\">ventas@disoftec.mx<\/a><\/div>\t\t\t\t\t\t<\/div>\n\t\t\t\t<\/div>\n\t\t\t\t\t<\/div>\n\t\t<\/div>\n\t\t\t\t<div class=\"elementor-column elementor-col-25 elementor-inner-column elementor-element elementor-element-62ff49c0\" data-id=\"62ff49c0\" data-element_type=\"column\">\n\t\t\t<div class=\"elementor-widget-wrap elementor-element-populated\">\n\t\t\t\t\t\t<div class=\"elementor-element elementor-element-68c8cebc elementor-widget elementor-widget-text-editor\" data-id=\"68c8cebc\" data-element_type=\"widget\" data-widget_type=\"text-editor.default\">\n\t\t\t\t<div class=\"elementor-widget-container\">\n\t\t\t\t\t\t\t<p><span style=\"color: #ffffff;\"><a style=\"color: #ffffff;\" href=\"\/isisolutions\/\">Home<\/a><\/span><\/p><p><span style=\"color: #ffffff;\"><a style=\"color: #ffffff;\" href=\"\/isisolutions\/#quienessomos\">Quienes Somos<\/a><\/span><\/p><p><span style=\"color: #ffffff;\"><a style=\"color: #ffffff;\" href=\"\/isisolutions\/#servicios\">Servicios<\/a><\/span><\/p><p><strong><a href=\"https:\/\/ctapp.mx\/\" target=\"_blank\" rel=\"noopener\"><span style=\"color: #ffffff;\">CTAPP<\/span><\/a><\/strong><\/p>\t\t\t\t\t\t<\/div>\n\t\t\t\t<\/div>\n\t\t\t\t\t<\/div>\n\t\t<\/div>\n\t\t\t\t<div class=\"elementor-column elementor-col-25 elementor-inner-column elementor-element elementor-element-34f600a\" data-id=\"34f600a\" data-element_type=\"column\">\n\t\t\t<div class=\"elementor-widget-wrap elementor-element-populated\">\n\t\t\t\t\t\t<div class=\"elementor-element elementor-element-5679b176 elementor-widget elementor-widget-text-editor\" data-id=\"5679b176\" data-element_type=\"widget\" data-widget_type=\"text-editor.default\">\n\t\t\t\t<div class=\"elementor-widget-container\">\n\t\t\t\t\t\t\t<p><span style=\"color: #ffffff;\"><a style=\"color: #ffffff;\" href=\"\/isisolutions\/#proyectos\">Proyectos<\/a><br \/><\/span><\/p><p><span style=\"color: #ffffff;\"><a style=\"color: #ffffff;\" href=\"\/isisolutions\/#clientes\">Clientes<\/a><\/span><\/p><p><span style=\"color: #ffffff;\"><a style=\"color: #ffffff;\" href=\"\/isisolutions\/#contacto\">Contacto<\/a><\/span><\/p>\t\t\t\t\t\t<\/div>\n\t\t\t\t<\/div>\n\t\t\t\t\t<\/div>\n\t\t<\/div>\n\t\t\t\t\t<\/div>\n\t\t<\/section>\n\t\t\t\t\t<\/div>\n\t\t<\/div>\n\t\t\t\t\t<\/div>\n\t\t<\/section>\n\t\t\t\t<section class=\"elementor-section elementor-top-section elementor-element elementor-element-549b64fd elementor-section-boxed elementor-section-height-default elementor-section-height-default\" data-id=\"549b64fd\" data-element_type=\"section\" data-settings=\"{&quot;background_background&quot;:&quot;classic&quot;}\">\n\t\t\t\t\t\t<div class=\"elementor-container elementor-column-gap-default\">\n\t\t\t\t\t<div class=\"elementor-column elementor-col-100 elementor-top-column elementor-element elementor-element-6575679f\" data-id=\"6575679f\" data-element_type=\"column\">\n\t\t\t<div class=\"elementor-widget-wrap elementor-element-populated\">\n\t\t\t\t\t\t<section class=\"elementor-section elementor-inner-section elementor-element elementor-element-5b065be5 elementor-section-boxed elementor-section-height-default elementor-section-height-default\" data-id=\"5b065be5\" data-element_type=\"section\">\n\t\t\t\t\t\t<div class=\"elementor-container elementor-column-gap-default\">\n\t\t\t\t\t<div class=\"elementor-column elementor-col-50 elementor-inner-column elementor-element elementor-element-4977466c\" data-id=\"4977466c\" data-element_type=\"column\">\n\t\t\t<div class=\"elementor-widget-wrap elementor-element-populated\">\n\t\t\t\t\t\t<div class=\"elementor-element elementor-element-3e9fb517 elementor-widget elementor-widget-text-editor\" data-id=\"3e9fb517\" data-element_type=\"widget\" data-widget_type=\"text-editor.default\">\n\t\t\t\t<div class=\"elementor-widget-container\">\n\t\t\t\t\t\t\t<p>Pol\u00edtica de Privacidad<\/p>\t\t\t\t\t\t<\/div>\n\t\t\t\t<\/div>\n\t\t\t\t\t<\/div>\n\t\t<\/div>\n\t\t\t\t<div class=\"elementor-column elementor-col-50 elementor-inner-column elementor-element elementor-element-40a8721\" data-id=\"40a8721\" data-element_type=\"column\">\n\t\t\t<div class=\"elementor-widget-wrap elementor-element-populated\">\n\t\t\t\t\t\t<div class=\"elementor-element elementor-element-700674f9 elementor-widget elementor-widget-text-editor\" data-id=\"700674f9\" data-element_type=\"widget\" data-widget_type=\"text-editor.default\">\n\t\t\t\t<div class=\"elementor-widget-container\">\n\t\t\t\t\t\t\t<p>Derechos Reservados Integraci\u00f3n de Soluciones IT S.A. de C.V.<\/p>\t\t\t\t\t\t<\/div>\n\t\t\t\t<\/div>\n\t\t\t\t\t<\/div>\n\t\t<\/div>\n\t\t\t\t\t<\/div>\n\t\t<\/section>\n\t\t\t\t\t<\/div>\n\t\t<\/div>\n\t\t\t\t\t<\/div>\n\t\t<\/section>\n\t\t\t\t<\/div>\n\t\t","protected":false},"excerpt":{"rendered":"<p>Blog Disoftec Cableado de Red para empresas El cableado estructurado o de red, no es otra cosa que la carretera por la cual se transmite informaci\u00f3n, ya sea archivos, llamadas, videos, etc. Durante muchos a\u00f1os y en muchos tipos de industria no se le dio el peso que en realidad tiene un sistema de cableado [&hellip;]<\/p>\n","protected":false},"author":1,"featured_media":0,"parent":0,"menu_order":0,"comment_status":"closed","ping_status":"closed","template":"","meta":{"footnotes":""},"class_list":["post-914","page","type-page","status-publish","hentry"],"_links":{"self":[{"href":"\/isisolutions\/wp-json\/wp\/v2\/pages\/914","targetHints":{"allow":["GET"]}}],"collection":[{"href":"\/isisolutions\/wp-json\/wp\/v2\/pages"}],"about":[{"href":"\/isisolutions\/wp-json\/wp\/v2\/types\/page"}],"author":[{"embeddable":true,"href":"\/isisolutions\/wp-json\/wp\/v2\/users\/1"}],"replies":[{"embeddable":true,"href":"\/isisolutions\/wp-json\/wp\/v2\/comments?post=914"}],"version-history":[{"count":25,"href":"\/isisolutions\/wp-json\/wp\/v2\/pages\/914\/revisions"}],"predecessor-version":[{"id":1962,"href":"\/isisolutions\/wp-json\/wp\/v2\/pages\/914\/revisions\/1962"}],"wp:attachment":[{"href":"\/isisolutions\/wp-json\/wp\/v2\/media?parent=914"}],"curies":[{"name":"wp","href":"https:\/\/api.w.org\/{rel}","templated":true}]}}